i(5)?
9
Let h be ((-16)/6)/(6/(-9)). Let m be h/4 + 0 + -4. Let c(d) = 2*d + 0*d**3 + d**2 - d**3 - 3*d**2. What is c(m)?
3
Let h(b) be the first derivative of -b**3 + b**2/2 + b + 1. Suppose -4 = 75*y - 79*y, -4 = 4*a + 4*y. Determine h(a).
-13
Let n(a) = -6 + a**2 + 7*a - 3 + 2. Let j be 1/(15/(-2)) + (-44599)/6495. Calculate n(j).
-7
Suppose 10 + 11 = 7*f. Let v be (-3 - (-13)/f)*15/(-5). Let w(l) = l**3 + 2*l**2 - 7*l - 5. Give w(v).
-9
Suppose 2*f + 3*q - 6 = 5, 4*q = 5*f + 7. Let d(c) = -3*c**3 - c. Determine d(f).
-4
Suppose -7*v = -6*v + 2. Let c be v/(-1) + 4 + 2. Let g(l) = 0*l + 2*l + l - 2*l - c. Determine g(6).
-2
Let b = 5 + -4. Let r(h) = h**2 - h. Let n = 1 + 0. Let i(c) = c**3 + c**2 - c - 1. Let m(z) = n*i(z) - 3*r(z). Determine m(b).
0
Let d = -147 + 269. Let y(g) = -g - 5*g + d - 122. Give y(-1).
6
Suppose -2*a - 66 = 2*q, -q = a + 3*a + 18. Let m be (-4)/q - 7/(266/232). Let r(k) = 5*k + 2*k + k**2 + 2 + 0*k**2. What is r(m)?
-4
Let p(g) = -2*g + 9. Let l = -10 + 71. Let k = l - 53. Determine p(k).
-7
Let p(g) = 2*g**2 + 6*g - 1. Let l be (-2 + 8/(-12))*6/4. Give p(l).
7
Let b(v) = -v**3 - 27*v**2 - 26*v + 11. Let g = -2856 - -2830. Give b(g).
11
Let o(i) = i**2 + 12*i - 33. Let u be o(-15). Let j be 14*(3/4 + (-15)/u). Let l(z) = -z - 14. Calculate l(j).
-7
Let v(l) be the first derivative of -l**3/3 + 5*l**2/2 - l - 2. Suppose 19 = b + 4*i, -5 = 5*b + 5*i - 10*i. What is v(b)?
5
Let h = 1 + 17. Suppose -6*f = -3*f - h. Let b be (-6)/1 - (f - 8). Let n(g) = g + 5. What is n(b)?
1
Let y(s) = s - 20. Let c be 11 - (-1)/(-2)*4. Calculate y(c).
-11
Let h be (34/8 - 2) + 2/(-8). Let i(v) = -2 + v**3 - 7*v**h + 11*v**2 - 6*v**2 + 4*v. Give i(2).
6
Let k(f) be the third derivative of 3*f**5/20 - f**4/24 + f**3/6 + 20*f**2. Let j(i) = -8*i**2 + i - 1. Let x(z) = -4*j(z) - 3*k(z). Determine x(1).
5
Let g(d) be the second derivative of d**4/12 - 7*d**3/6 + 3*d**2/2 + d. Let i = -11 + -79. Let f = i - -95. Determine g(f).
-7
Let z(l) be the second derivative of 3*l**5/20 - l**4/6 + l**2 - 12*l + 11. Calculate z(3).
65
Let w be (3/(-6))/(14/112). Let t be -2 - -5*(0 + 1). Let u(p) = 1 + 2*p - p - t + p**2. Give u(w).
10
Let f(i) = 5*i - 6. Let l(o) = -o. Let s(z) = f(z) + 3*l(z). Determine s(6).
6
Let s(u) = -u - 1. Let l(y) = 2*y - 5. Let v(z) = l(z) + 4*s(z). Suppose 2*d + 2 = m + 4*d, 0 = -m - 5*d + 14. What is v(m)?
3
Let f be (-52)/10 - 1/(-5). Let j = 7 - 2. Let s(z) = -z**2 + z - 6. Let q(h) = h**2 - 2*h + 6. Let p(m) = j*q(m) + 6*s(m). Calculate p(f).
-11
Let p(u) = 4 - 4 - u - 21*u**3. Let z = -1458 + 1457. What is p(z)?
22
Let u(h) = -h + 3. Let s be u(2). Let p be -1*s - (-7 + 3). Let b(i) = -i - 1. Let o(v) = -2. Let x(j) = 2*b(j) + o(j). Calculate x(p).
-10
Suppose 5*o + 18 = o - 6*l, 12 = -2*o - 2*l. Let b(u) = u**3 + 8*u**2 - 11*u - 22. Calculate b(o).
-4
Let o(l) = -2*l - 7. Let s(f) = f + 15. Let u be s(-15). Suppose 6*r - 3*r - 21 = -3*i, -4*i - 3*r + 24 = u. Let m be 51/(-9) + (-1)/i. Give o(m).
5
Let p(u) = 2*u + 6. Let o(d) = -3*d + 26. Let i be o(10). Calculate p(i).
-2
Let d(v) = 5470*v**3 - 5471*v**3 + 3 - 7 - 9*v**2 - 9*v. Let m(q) = -q - 8. Let p be m(0). Give d(p).
4
Let j(u) = -4*u**3 - u**2. Let b = -542 - -543. What is j(b)?
-5
Suppose -3*z = -6, -z + 2 - 5 = 5*g. Let a(s) = s**3 - s. Let r(p) = p**3 + 4*p**2 + 3*p + 6. Let i(o) = g*r(o) + 2*a(o). Determine i(5).
-6
Let f = -7 + 12. Let a = 10 - f. Suppose -11 = -4*z + i - 1, a*i - 13 = -z. Let p(l) = l - 6. What is p(z)?
-3
Let b(f) be the third derivative of -f**4/24 - f**3/6 - 2*f**2. Let m be (-12)/7 + (-111)/518 + 2/(-28). What is b(m)?
1
Let o(m) = -9 - 9*m - 4*m**2 + 44*m**3 - 21*m**3 - 24*m**3 - 4*m**2. Let x be o(-7). Let v(h) = h**2 - 5*h + 2. Calculate v(x).
2
Let c(r) = r + 10. Let b be (-1)/((((-3)/7)/3)/1). Suppose b*x - 2*x + 45 = 0. What is c(x)?
1
Suppose -54*c + 42 = 58*c - 98*c. Let u(h) = h**2 + 0*h**2 - 4 + 8 - 3*h. Calculate u(c).
4
Suppose 2*r - 8 = -0*r. Suppose 5*o - 35 = r*p, -o + 6*p = 2*p - 7. Let x(v) = -v. Give x(o).
-7
Let t = -10 + 23. Let h(f) = -f + 15. Let q be h(t). Let y(s) = -2*s**3 - 2*s**2 + 3*s. Determine y(q).
-18
Suppose 1 = -s - 0. Let t = -5 - s. Let w(f) = 3*f - 3. Let o(q) = -2*q + 2. Let z(n) = 5*o(n) + 3*w(n). Determine z(t).
5
Let k(d) be the first derivative of d**4/24 + 7*d**3/6 - 3*d**2/2 - 5. Let g(x) be the second derivative of k(x). Calculate g(-10).
-3
Let p(z) = -4*z + 3. Let q = 102 - 100. Determine p(q).
-5
Let o(h) = -2*h**2 + 2*h + 9. Suppose 3*m + 34 = 3*g + 13, 16 = g - 4*m. What is o(g)?
-15
Let j(q) = q**2. Let s(t) = -3*t**2 - 4*t. Let y(u) = -2*j(u) - s(u). Give y(-5).
5
Let a be (0/(-2))/(-1 - 1) + 7. Suppose 2*q + a = -4*c - 1, -4*q = -c - 29. Let u(h) = 0 + h**3 + 0*h**3 - 6*h**2 - 4. What is u(q)?
-4
Let j(q) = -16 - 18*q + 7*q + 7*q - 4*q - 2*q. Calculate j(-3).
14
Let z be -54 + -1 - (-2 + 6). Let j = z + 65. Let d(p) = p - 5. Give d(j).
1
Let c(m) = 3*m**2 - 3*m**2 - m**3 + 7*m - 5*m**2 + 0*m**3. Suppose -2*u + 7*u + 6 = -d, -5*u = 3*d + 18. Determine c(d).
-6
Let t(a) = -3*a + 16. Let i be 116/10 + 4/10. Let r be t(i). Let w be 114/(-22) - r/110. Let u(b) = -b**2 - 4*b + 1. What is u(w)?
-4
Let n(i) = -1. Let l(s) = 23*s + 4. Suppose 2*g = -14 + 6. Let j(h) = g*n(h) - l(h). Give j(1).
-23
Let o(v) = -v**3 - 4*v**2 + 2*v + 4. Let l be ((-7)/(-2))/(-7)*-12. Let d(y) = y**2 - 5*y - 1. Let h be d(l). Suppose 0 = -h*m - 44 + 24. Determine o(m).
-4
Let f(k) = -k + 6. Let w(a) = -9*a**2 - a**3 + 5 - 10*a + 2*a**3 + 1. Let g be w(10). Let m = 2 + g. What is f(m)?
-2
Let h = -385 + 385. Let y(l) = -2*l - 10. Give y(h).
-10
Let p(d) = -d**3 + 4*d**2 + d. Suppose -6*v + 193 + 179 = 0. Let x = v + -58. Calculate p(x).
4
Let n(d) = -2*d - 5. Suppose 2*a + 34 = 2*b, 3*b - 2*a = -0*a + 50. Let r be (-7)/(28/b)*(-10)/(-8). Determine n(r).
5
Let o(c) = -27 - 20 + 2*c + 91. Calculate o(-19).
6
Let r(f) = f**3 + 3*f**2 + 4*f + 7. Let i be r(-2). Let d(n) = -5*n + 2. Determine d(i).
-13
Let b = -15 + 8. Let z(p) = -8*p - 30. Let c(k) = -k - 3. Let s(i) = 20*c(i) - 2*z(i). Give s(b).
28
Let g(c) = -4*c + 5. Let z(p) = 3*p + 2. Let h(y) = -g(y) - z(y). Determine h(16).
9
Let v(i) = -6*i**3 + i**2 + 2*i. Let x(s) = -8*s**3 + 2*s**2 + 3*s + 1. Let w(n) = -3*v(n) + 2*x(n). Let t(a) = -2*a**2 - a - 1. Let r be t(-1). Give w(r).
-10
Let j(m) = -2*m**3 - m**2 - 2*m + 1. Suppose r - 11 = -x - 18, 3 = -4*r + x. What is j(r)?
17
Let k(l) = -l**2 + 4*l + 8. Suppose 0 = -4*r + 16, -2*r - 8 = -0*t + 2*t. Let x be (t + 0 + 2)/(-6 - -5). What is k(x)?
-4
Let h(r) = -2*r - 5. Let b be (-2)/(((-2)/1)/10). Suppose 24 = -0*i - 4*i - 4*q, -5*q = b. Calculate h(i).
3
Let t(o) = o**3 + 10*o**2 - 9*o + 7. Let g(f) = 51 - 19*f - 74 + 37 + 2*f**3 + 21*f**2. Let x(z) = 6*g(z) - 13*t(z). Give x(-5).
3
Let t = 9 + -6. Let w(p) = 11*p + 11. Let q(c) = -5*c - 5. Let a(j) = 9*q(j) + 4*w(j). Calculate a(t).
-4
Let n(r) be the third derivative of -r**4/8 + r**3/6 + 6*r**2. Let o = 105 + -98. Calculate n(o).
-20
Let b = 23 + -6. Let h = b - 21. Let y(s) = -s**2 + 5*s - 2*s - 1 + 2*s**2. What is y(h)?
3
Let q(r) = -3 - 45*r + 43*r - 7. Let c be q(-6). Let m(n) = 8*n - 1. Give m(c).
15
Let q be (-204)/(-28) - (-8)/(-28). Let z = 7 - q. Suppose -3*k + 10 + 11 = z. Let y(j) = -j**3 + 6*j**2 + 8*j + 1. What is y(k)?
8
Let t(p) = -p**3 - 5*p**2 - 2*p - 5. Let y = 11 + -7. Suppose -3*z - 10 = -5*a, -3 = 4*z - 23. Suppose y*c + c = 2*d - 10, -a*d - 5 = -5*c. Give t(d).
5
Let f(j) be the first derivative of j**3/3 - 6*j**2 + j + 540. Calculate f(10).
-19
Let b(v) = -1 - 2 + 0 + 2*v + v**2. Let m be (-48)/(-9) - 5 - (-32)/12. What is b(m)?
12
Suppose -80*s + 82*s = 2. Let z(n) be the first derivative of n**3 + n - 2. Determine z(s).
4
Let u(z) = -24*z - 25. Let r be u(4). Let c = r - -117. Let l(m) = -m**3 - 7*m**2 - 4*m + 5. What is l(c)?
-27
Let b(s) = -s**2 + 8*s - 7. Let q be b(6). Let n(u) = u**3 - 5*u**2 - u + 3. Calculate n(q).
-2
Let p be 4/((-8)/10*(-90)/36). Let l(a) be the second derivative of -11/20*a**5 + 0 + 1/6*a**3 - 9*a + 1/2*a**p + 1/12*a**4. What is l(-1)?
12
Let m(s) be the second derivative of 5*s**3/6 + 10*s**2 + 390*s. Determine m(-4).
0
Suppose 0 = -16*l + 11*l + 3*p + 4, 4*p - 8 = 0. Let r(b) = -3*b**2 + 4*b - 2. 